 the prime factors of 347.
347
What are the prime factors of 10769?
11, 89
What are the prime factors of 1124?
2, 281
List the prime factors of 107104.
2, 3347
What are the prime factors of 3330?
2, 3, 5, 37
What are the prime factors of 32805?
3, 5
List the prime factors of 1622.
2, 811
List the prime factors of 1834.
2, 7, 131
List the prime factors of 28619.
28619
List the prime factors of 10865.
5, 41, 53
What are the prime factors of 31488?
2, 3, 41
What are the prime factors of 572?
2, 11, 13
List the prime factors of 1219.
23, 53
What are the prime factors of 3851?
3851
What are the prime factors of 83035?
5, 16607
List the prime factors of 587.
587
What are the prime factors of 3219?
3, 29, 37
List the prime factors of 1003.
17, 59
What are the prime factors of 1677?
3, 13, 43
What are the prime factors of 304?
2, 19
List the prime factors of 6120.
2, 3, 5, 17
List the prime factors of 3283.
7, 67
What are the prime factors of 13302?
2, 3, 739
List the prime factors of 150924.
2, 3, 12577
What are the prime factors of 13794?
2, 3, 11, 19
List the prime factors of 83543.
19, 4397
List the prime factors of 511.
7, 73
What are the prime factors of 74979?
3, 2777
List the prime factors of 1537.
29, 53
List the prime factors of 33360.
2, 3, 5, 139
What are the prime factors of 2085?
3, 5, 139
List the prime factors of 901.
17, 53
What are the prime factors of 63410?
2, 5, 17, 373
What are the prime factors of 22458?
2, 3, 19, 197
What are the prime factors of 145925?
5, 13, 449
What are the prime factors of 24250?
2, 5, 97
What are the prime factors of 45?
3, 5
What are the prime factors of 859?
859
List the prime factors of 1566.
2, 3, 29
What are the prime factors of 14452?
2, 3613
List the prime factors of 2120.
2, 5, 53
List the prime factors of 211.
211
List the prime factors of 4051.
4051
List the prime factors of 19469.
19469
What are the prime factors of 920?
2, 5, 23
List the prime factors of 1044.
2, 3, 29
List the prime factors of 5003.
5003
List the prime factors of 3465.
3, 5, 7, 11
What are the prime factors of 1350?
2, 3, 5
What are the prime factors of 10637?
11, 967
List the prime factors of 1569.
3, 523
What are the prime factors of 2876?
2, 719
What are the prime factors of 26262?
2, 3, 1459
What are the prime factors of 1169?
7, 167
List the prime factors of 8664.
2, 3, 19
What are the prime factors of 107475?
3, 5, 1433
What are the prime factors of 5797?
11, 17, 31
List the prime factors of 772.
2, 193
List the prime factors of 84380.
2, 5, 4219
List the prime factors of 12593.
7, 257
What are the prime factors of 20853?
3, 7, 331
What are the prime factors of 4629?
3, 1543
List the prime factors of 301.
7, 43
What are the prime factors of 663?
3, 13, 17
List the prime factors of 9523.
89, 107
List the prime factors of 1557.
3, 173
List the prime factors of 4608.
2, 3
List the prime factors of 2069.
2069
List the prime factors of 1973.
1973
List the prime factors of 33166.
2, 7, 23, 103
List the prime factors of 5355.
3, 5, 7, 17
What are the prime factors of 1346?
2, 673
List the prime factors of 307.
307
What are the prime factors of 2651?
11, 241
List the prime factors of 59958.
2, 3, 3331
What are the prime factors of 23263?
43, 541
What are the prime factors of 9444?
2, 3, 787
What are the prime factors of 1462?
2, 17, 43
What are the prime factors of 716?
2, 179
List the prime factors of 4421.
4421
List the prime factors of 1041.
3, 347
List the prime factors of 1572.
2, 3, 131
List the prime factors of 27938.
2, 61, 229
What are the prime factors of 763?
7, 109
List the prime factors of 133.
7, 19
List the prime factors of 262.
2, 131
List the prime factors of 15602.
2, 29, 269
What are the prime factors of 17901?
3, 13, 17
What are the prime factors of 1382?
2, 691
What are the prime factors of 1913?
1913
List the prime factors of 10740.
2, 3, 5, 179
What are the prime factors of 70905?
3, 5, 29, 163
List the prime factors of 4090.
2, 5, 409
What are the prime factors of 95861?
257, 373
What are the prime factors of 7389?
3, 821
List the prime factors of 43034.
2, 21517
What are the prime factors of 9900?
2, 3, 5, 11
List the prime factors of 16410.
2, 3, 5, 547
What are the prime factors of 768?
2, 3
List the prime factors of 15818.
2, 11, 719
List the prime factors of 1653.
3, 19, 29
List the prime factors of 31732.
2, 7933
What are the prime factors of 12358?
2, 37, 167
List the prime factors of 1580.
2, 5, 79
What are the prime factors of 7?
7
List the prime factors of 2225.
5, 89
List the prime factors of 2276.
2, 569
What are the prime factors of 2330?
2, 5, 233
List the prime factors of 3221.
3221
List the prime factors of 13244.
2, 7, 11, 43
What are the prime factors of 380?
2, 5, 19
List the prime factors of 20947.
20947
List the prime factors of 597.
3, 199
List the prime factors of 3935.
5, 787
What are the prime factors of 1120?
2, 5, 7
List the prime factors of 432.
2, 3
What are the prime factors of 33?
3, 11
List the prime factors of 951.
3, 317
What are the prime factors of 20022?
2, 3, 47, 71
What are the prime factors of 20212?
2, 31, 163
What are the prime factors of 10418?
2, 5209
What are the prime factors of 1815?
3, 5, 11
List the prime factors of 15550.
2, 5, 311
List the prime factors of 40884.
2, 3, 3407
List the prime factors of 102.
2, 3, 17
What are the prime factors of 2016?
2, 3, 7
What are the prime factors of 4232?
2, 23
List the prime factors of 161386.
2, 19, 31, 137
List the prime factors of 6903.
3, 13, 59
What are the prime factors of 85560?
2, 3, 5, 23, 31
List the prime factors of 18183.
3, 11, 19, 29
List the prime factors of 25852.
2, 23, 281
What are the prime factors of 2631?
3, 877
List the prime factors of 5989.
53, 113
What are the prime factors of 19312?
2, 17, 71
What are the prime factors of 788?
2, 197
What are the prime factors of 59746?
2, 29873
List the prime factors of 9312.
2, 3, 97
What are the prime factors of 3894?
2, 3, 11, 59
What are the prime factors of 9455?
5, 31, 61
List the prime factors of 41467.
41467
What are the prime factors of 965?
5, 193
What are the prime factors of 4603?
4603
List the prime factors of 7857.
3, 97
List the prime factors of 109602.
2, 3, 6089
What are the prime factors of 685?
5, 137
List the prime factors of 29657.
47, 631
What are the prime factors of 3735?
3, 5, 83
List the prime factors of 1350.
2, 3, 5
List the prime factors of 6881.
7, 983
List the prime factors of 241.
241
What are the prime factors of 12723?
3, 4241
What are the prime factors of 3547?
3547
What are the prime factors of 1079?
13, 83
What are the prime factors of 3451?
7, 17, 29
List the prime factors of 59.
59
What are the prime factors of 2965?
5, 593
List the prime factors of 1234.
2, 617
What are the prime factors of 30532?
2, 17, 449
What are the prime factors of 2950?
2, 5, 59
List the prime factors of 552.
2, 3, 23
What are the prime factors of 29072?
2, 23, 79
What are the prime factors of 7273?
7, 1039
List the prime factors of 370.
2, 5, 37
What are the prime factors of 1202?
2, 601
What are the prime factors of 26254?
2, 13127
What are the prime factors of 182379?
3, 60793
What are the prime factors of 148?
2, 37
List the prime factors of 5043.
3, 41
List the prime factors of 4769.
19, 251
List the prime factors of 443.
443
What are the prime factors of 47081?
23, 89
What are the prime factors of 4935?
3, 5, 7, 47
What are the prime factors of 89064?
2, 3, 1237
List the prime factors of 2389.
2389
List the prime factors of 2102.
2, 1051
What are the prime factors of 9832?
2, 1229
What are the prime factors of 1208?
2, 151
List the prime factors of 2938.
2, 13, 113
What are the prime factors of 75?
3, 5
List the prime factors of 7834.
2, 3917
List the prime factors of 20350.
2, 5, 11, 37
What are the prime factors of 973?
7, 139
List the prime factors of 15113.
7, 17, 127
What are the prime factors of 7605?
3, 5, 13
List the prime factors of 230.
2, 5, 23
What are the prime factors of 11540?
2, 5, 577
List the prime factors of 43188.
2, 3, 59, 61
List the prime factors of 25627.
7, 523
List the prime factors of 25819.
25819
List the prime factors of 2535.
3, 5, 13
List the prime factors of 4010.
2, 5, 401
List the prime factors of 36